13238 (base 9) to base 5
-1411022214
-264612 (base 7) to base 11
-34378
What is 1330120 (base 7) in base 8?
526350
What is 11b5a (base 15) in base 7?
323620
What is 10374527 (base 8) in base 5?
1032222034
Convert 3bd237 (base 14) to base 4.
13321321201
Convert -792b9 (base 13) to base 10.
-220190
-1777b (base 12) to base 16
-848f
8252036 (base 10) to base 9
16466588
Convert dc9b9c (base 15) to base 4.
220012133310
What is -100321025 (base 6) in base 2?
-110100000011100101001
Convert 8138004 (base 10) to base 12.
28855b0
12244424 (base 6) to base 2
1100000011100000000
Convert -328242 (base 13) to base 11.
-742321
Convert 46163162 (base 8) to base 14.
148bab8
145397 (base 11) to base 4
313112303
What is 2244323 (base 7) in base 12?
116098
-51bc0 (base 14) to base 11
-125136
-1132030113 (base 4) to base 15
-794b0
Convert -4067093 (base 10) to base 14.
-77c269
Convert 7b548b (base 15) to base 14.
ad4914
1012133211 (base 4) to base 12
11b119
What is 101001110111111000011 (base 2) in base 16?
14efc3
What is 1979313 (base 10) in base 6?
110231253
What is 553313 (base 7) in base 6?
2030042
What is 3300872 (base 10) in base 16?
325e08
Convert 28016 (base 15) to base 13.
46500
145b91 (base 12) to base 9
571251
Convert 1202010101112 (base 3) to base 13.
266279
3553643 (base 8) to base 4
3231132203
Convert 7b230 (base 15) to base 16.
5fb3b
5266554 (base 9) to base 11
165636a
Convert -1111101101001111111100 (base 2) to base 8.
-17551774
Convert -1aa2406 (base 11) to base 9.
-6572436
Convert -533000050 (base 6) to base 16.
-8f185e
10111100010010101010000 (base 2) to base 6
340124304
What is 1201210211 (base 3) in base 11?
23701
Convert -33102033201 (base 4) to base 15.
-542356
Convert 3121111332 (base 4) to base 13.
25228b
What is 60087 (base 11) in base 5?
10303231
Convert a2a18c (base 14) to base 15.
734822
What is 11222132223 (base 4) in base 11?
924541
What is -35116 (base 16) in base 5?
-23423431
What is -100130401 (base 5) in base 4?
-1200213032
What is 8a5c (base 13) in base 7?
110252
What is -42133030 (base 5) in base 11?
-219350
Convert 420085 (base 9) to base 6.
5202335
Convert -1662a4 (base 11) to base 14.
-69a63
Convert 55905 (base 13) to base 6.
3155020
Convert -18885 (base 11) to base 2.
-110011011101110
-222102202 (base 5) to base 2
-11101101010110010001
What is 1012122100112 (base 3) in base 5?
131030011
What is 25315321 (base 7) in base 10?
2290030
-11121211210 (base 3) to base 14
-2524b
920c1 (base 16) to base 3
1010101120220
Convert -206221060 (base 7) to base 16.
-bb4a79
Convert -3701424 (base 9) to base 14.
-3a4097
-728964 (base 13) to base 14
-4d8da8
11222031130 (base 4) to base 12
5b66a4
What is 58913 (base 14) in base 13?
77300
Convert 293379 (base 10) to base 16.
47a03
Convert 625220 (base 7) to base 10.
107471
What is -797dd (base 16) in base 12?
-1bbb91
1110042 (base 10) to base 11
698a9a
-433042 (base 8) to base 4
-203120202
What is 1a8a88 (base 11) in base 4?
1031332313
Convert -5627573 (base 9) to base 5.
-1233431240
Convert -1a8c1b (base 16) to base 15.
-24576d
-4014403 (base 8) to base 13
-2ac263
Convert -b286b (base 12) to base 2.
-111000110101010011
a937045 (base 11) to base 14
27a3abc
What is 5035442 (base 7) in base 16?
91d8d
Convert 144172 (base 10) to base 7.
1140220
Convert 21321012 (base 4) to base 13.
1559a
-10110011101010101 (base 2) to base 14
-25749
What is -21453021 (base 6) in base 10?
-644773
138302 (base 11) to base 16
34bb3
Convert 224045513 (base 6) to base 16.
3ebf35
What is 22c4161 (base 13) in base 4?
221000001010
1133400124 (base 5) to base 11
1541693
What is 696504 (base 10) in base 7?
5630424
What is -b3bb68 (base 12) in base 3?
-12022021100122
Convert 324882 (base 9) to base 11.
12275a
100001402 (base 5) to base 9
655130
Convert 1716aa (base 11) to base 14.
6cb99
What is -5023345 (base 6) in base 16?
-39c71
Convert -1110101111010001011 (base 2) to base 8.
-1657213
Convert 231020021003 (base 4) to base 11.
674aa19
-7c62ce (base 15) to base 7
-101344334
What is -205151520 (base 6) in base 7?
-42442356
What is 180170 (base 9) in base 5?
12033211
1168877 (base 14) to base 4
133233213021
What is 3764 (base 16) in base 12?
8258
Convert 44321230 (base 5) to base 7.
3164553
Convert 5399230 (base 12) to base 5.
13031111131
What is -4152216 (base 7) in base 10?
-500205
302100313 (base 4) to base 6
4225051
What is -47db9 (base 14) in base 12?
-8573b
What is 10101001111001001 (base 2) in base 9?
142280
Convert -1e5431 (base 15) to base 14.
-2a9750
Convert -107019 (base 10) to base 13.
-39933
What is 1100001101110010101010 (base 2) in base 3?
20000200121200
96aa4 (base 14) to base 8
1307430
645a7 (base 12) to base 7
1060231
Convert -330674 (base 12) to base 13.
-2246b3
Convert 556a23 (base 12) to base 11.
8495a9
100d3b8 (base 16) to base 7
263031120
What is -6313633 (base 8) in base 11?
-a46128
Convert -6050444 (base 7) to base 10.
-718127
Convert 8258c (base 13) to base 8.
710563
23234112 (base 5) to base 15
42b3c
-14793a7 (base 11) to base 16
-269d97
What is 1639395 (base 12) in base 13?
c37421
Convert -233024140 (base 5) to base 6.
-34451143
Convert -15283 (base 11) to base 13.
-9aca
What is -295336 (base 11) in base 7?
-3626546
1558424 (base 11) to base 5
1140124204
317881 (base 10) to base 11
1a7913
-66d162 (base 15) to base 14
-919356
Convert -70620130 (base 8) to base 12.
-4b99b88
-4d4c92 (base 15) to base 13
-9cc737
What is -416393 (base 10) in base 9?
-704158
Convert -1134226 (base 8) to base 13.
-aaa9b
-1a1193 (base 11) to base 5
-34342030
1810005 (base 10) to base 13
4b4b12
What is -5063771 (base 9) in base 5?
-1142340024
255c30 (base 16) to base 2
1001010101110000110000
What is 4044051 (base 8) in base 6?
34512013
Convert 132470 (base 8) to base 3.
2100122020
-4029b3 (base 13) to base 5
-340204413
What is -3233044 (base 5) in base 7?
-320341
Convert 1b910 (base 12) to base 2.
1010000001011100
-110223200 (base 4) to base 5
-10202304
What is 18571 (base 12) in base 14?
cc61
1064441 (base 7) to base 16
20a14
Convert -177006 (base 12) to base 14.
-a7dc2
Convert -1022523 (base 9) to base 3.
-1000202120210
e653 (base 16) to base 14
176b9
What is 544cc (base 13) in base 11?
a458a
What is -292bac (base 13) in base 5?
-224143110
Convert -4500440 (base 6) to base 13.
-7b945
Convert a59875 (base 16) to base 11.
6142691
Convert 8297a0 (base 16) to base 14.
11cadb2
15144771 (base 8) to base 11
1a53260
101221022202022 (base 3) to base 2
10110001011001010000001
3aca65 (base 15) to base 2
1010110010001111010100
111201 (base 8) to base 2
1001001010000001
Convert b5d4 (base 16) to base 5.
2442143
Convert 102 (base 9) to base 8.
123
5446320 (base 9) to base 8
13117370
-33231601 (base 7) to base 5
-1213140111
Convert 3abff (base 16) to base 4.
322233333
What is -15ba (base 13) in base 12?
-1a23
Convert -1011234324 (base 5) to base 14.
-3b719b
Convert 22792a (base 12) to base 14.
10552a
-d7c4dd (base 15) to base 11
-5883437
Convert -1371171 (base 9) to base 3.
-1102101012101
What is -211342042 (base 5) in base 3?
-1200001221022
176005 (base 8) to base 4
33300011
What is 47622344 (base 8) in base 16?
9f24e4
What is -1c422 (base 16) in base 13?
-408b7
Convert 1011000100001100 (base 2) to base 11.
31064
10aa68 (base 14) to base 9
1054181
-5542 (base 10) to base 2
-1010110100110
434134004 (base 5) to base 3
10111202010121
What is 14214001 (base 6) in base 10?
484273
29e7d (base 15) to base 7
1101163
What is 40363376 (base 8) in base 3?
121000112000121
What is -101110022220101 (base 3) in base 8?
-25145550
-245394 (base 15) to base 13
-48b677
Convert -6b254 (base 13) to base 5.
-22232230
What is -10000110000001011 (base 2) in base 15?
-154e9
What is -9a5088 (base 13) in base 12?
-1275634
What is 2531005 (base 6) in base 2?
100001010001101101
What is -1011021001021 (base 3) in base 6?
-21104354
-3511613 (base 7) to base 5
-103040110
What is -102631255 (base 7) in base 11?
-34a2556
Convert -20460605 (base 8) to base 11.
-2501526
Convert 134345214 (base 6) to base 9.
5128631
Convert -100112210 (base 3) to base 15.
-20e0
Convert 66d4d8 (base 14) to base 9.
6514877
10c82b (base 16) to base 3
2001212200001
What is 201140140 (base 5) in base 6?
25111253
-301555540 (base 6) to base 11
-299594a
Convert -1011111111100011 (base 2) to